n 114 is divided by 13.
10
Calculate the remainder when 1760 is divided by 42.
38
Calculate the remainder when 588 is divided by 37.
33
What is the remainder when 1669 is divided by 39?
31
What is the remainder when 644 is divided by 46?
0
What is the remainder when 218 is divided by 17?
14
Calculate the remainder when 180 is divided by 102.
78
Calculate the remainder when 214 is divided by 44.
38
What is the remainder when 415 is divided by 38?
35
Calculate the remainder when 66 is divided by 33.
0
What is the remainder when 147 is divided by 38?
33
Calculate the remainder when 1557 is divided by 45.
27
Calculate the remainder when 36 is divided by 12.
0
Calculate the remainder when 333 is divided by 124.
85
What is the remainder when 43 is divided by 30?
13
What is the remainder when 148 is divided by 31?
24
What is the remainder when 82 is divided by 43?
39
What is the remainder when 109 is divided by 38?
33
What is the remainder when 18387 is divided by 37?
35
What is the remainder when 2400 is divided by 10?
0
Calculate the remainder when 4617 is divided by 35.
32
Calculate the remainder when 59 is divided by 11.
4
What is the remainder when 102 is divided by 32?
6
What is the remainder when 507 is divided by 104?
91
What is the remainder when 79 is divided by 8?
7
Calculate the remainder when 669 is divided by 61.
59
What is the remainder when 1301 is divided by 586?
129
What is the remainder when 3531 is divided by 62?
59
What is the remainder when 103 is divided by 8?
7
What is the remainder when 145 is divided by 2?
1
Calculate the remainder when 331 is divided by 102.
25
Calculate the remainder when 343 is divided by 14.
7
Calculate the remainder when 1627 is divided by 68.
63
What is the remainder when 3143 is divided by 83?
72
What is the remainder when 104 is divided by 98?
6
Calculate the remainder when 43 is divided by 39.
4
Calculate the remainder when 572 is divided by 114.
2
Calculate the remainder when 100 is divided by 13.
9
What is the remainder when 23897 is divided by 14?
13
What is the remainder when 6518 is divided by 34?
24
Calculate the remainder when 247 is divided by 63.
58
Calculate the remainder when 117 is divided by 6.
3
Calculate the remainder when 2305 is divided by 40.
25
What is the remainder when 574 is divided by 3?
1
What is the remainder when 1420 is divided by 98?
48
What is the remainder when 448 is divided by 6?
4
What is the remainder when 264 is divided by 62?
16
What is the remainder when 292 is divided by 59?
56
Calculate the remainder when 2620 is divided by 38.
36
Calculate the remainder when 81 is divided by 41.
40
What is the remainder when 5904 is divided by 179?
176
Calculate the remainder when 254 is divided by 10.
4
Calculate the remainder when 781 is divided by 355.
71
Calculate the remainder when 457 is divided by 23.
20
What is the remainder when 2750 is divided by 52?
46
Calculate the remainder when 2221 is divided by 740.
1
What is the remainder when 366 is divided by 19?
5
What is the remainder when 8662 is divided by 228?
226
Calculate the remainder when 100 is divided by 15.
10
Calculate the remainder when 1429 is divided by 27.
25
Calculate the remainder when 1196 is divided by 38.
18
Calculate the remainder when 52 is divided by 3.
1
What is the remainder when 2021 is divided by 203?
194
Calculate the remainder when 103 is divided by 26.
25
Calculate the remainder when 1168 is divided by 359.
91
Calculate the remainder when 1619 is divided by 30.
29
Calculate the remainder when 577 is divided by 147.
136
Calculate the remainder when 1319 is divided by 38.
27
Calculate the remainder when 422 is divided by 61.
56
What is the remainder when 951 is divided by 74?
63
What is the remainder when 1557 is divided by 104?
101
What is the remainder when 618 is divided by 61?
8
What is the remainder when 310 is divided by 65?
50
Calculate the remainder when 258 is divided by 65.
63
What is the remainder when 908 is divided by 449?
10
Calculate the remainder when 7693 is divided by 1538.
3
Calculate the remainder when 169 is divided by 108.
61
What is the remainder when 98 is divided by 20?
18
Calculate the remainder when 2223 is divided by 85.
13
Calculate the remainder when 27 is divided by 4.
3
What is the remainder when 2444 is divided by 11?
2
Calculate the remainder when 10646 is divided by 24.
14
What is the remainder when 215 is divided by 59?
38
Calculate the remainder when 651 is divided by 7.
0
Calculate the remainder when 24 is divided by 22.
2
Calculate the remainder when 1628 is divided by 269.
14
Calculate the remainder when 727 is divided by 701.
26
Calculate the remainder when 364 is divided by 346.
18
What is the remainder when 230 is divided by 85?
60
What is the remainder when 1270 is divided by 16?
6
Calculate the remainder when 1183 is divided by 148.
147
Calculate the remainder when 357 is divided by 14.
7
What is the remainder when 7296 is divided by 83?
75
What is the remainder when 360 is divided by 11?
8
Calculate the remainder when 8 is divided by 4.
0
What is the remainder when 202 is divided by 96?
10
Calculate the remainder when 873 is divided by 237.
162
Calculate the remainder when 988 is divided by 23.
22
Calculate the remainder when 1868 is divided by 926.
16
What is the remainder when 1662 is divided by 52?
50
What is the remainder when 875 is divided by 84?
35
Calculate the remainder when 584 is divided by 13.
12
Calculate the remainder when 5752 is divided by 522.
10
Calculate the remainder when 42368 is divided by 190.
188
Calculate the remainder when 406 is divided by 191.
24
What is the remainder when 22439 is divided by 17?
16
What is the remainder when 2844 is divided by 98?
2
What is the remainder when 2106 is divided by 68?
66
What is the remainder when 1734 is divided by 854?
26
What is the remainder when 200 is divided by 73?
54
What is the remainder when 7 is divided by 2?
1
What is the remainder when 4154 is divided by 40?
34
What is the remainder when 145 is divided by 5?
0
Calculate the remainder when 154 is divided by 43.
25
What is the remainder when 333 is divided by 34?
27
What is the remainder when 1832 is divided by 47?
46
Calculate the remainder when 247 is divided by 219.
28
Calculate the remainder when 11549 is divided by 210.
209
What is the remainder when 3383 is divided by 72?
71
Calculate the remainder when 318 is divided by 8.
6
Calculate the remainder when 49 is divided by 25.
24
What is the remainder when 966 is divided by 307?
45
What is the remainder when 78 is divided by 26?
0
What is the remainder when 20112 is divided by 89?
87
Calculate the remainder when 1294 is divided by 50.
44
Calculate the remainder when 175 is divided by 92.
83
Calculate the remainder when 637 is divided by 64.
61
What is the remainder when 1220 is divided by 17?
13
Calculate the remainder when 277 is divided by 201.
76
What is the remainder when 119 is divided by 18?
11
What is the remainder when 2703 is divided by 123?
120
Calculate the remainder when 1190 is divided by 67.
51
What is the remainder when 3149 is divided by 75?
74
Calculate the remainder when 2422 is divided by 23.
7
What is the remainder when 43 is divided by 11?
10
What is the remainder when 4822 is divided by 1603?
13
What is the remainder when 33058 is divided by 12?
10
What is the remainder when 111 is divided by 6?
3
What is the remainder when 396 is divided by 101?
93
What is the remainder when 1134 is divided by 88?
78
Calculate the remainder when 353 is divided by 115.
8
What is the remainder when 1424 is divided by 236?
8
Calculate the remainder when 288 is divided by 12.
0
What is the remainder when 1607 is divided by 115?
112
Calculate the remainder when 256 is divided by 63.
4
Calculate the remainder when 17 is divided by 10.
7
What is the remainder when 56 is divided by 51?
5
Calculate the remainder when 722 is divided by 66.
62
What is the remainder when 1268 is divided by 31?
28
What is the remainder when 1581 is divided by 10?
1
What is the remainder when 1254 is divided by 90?
84
What is the remainder when 1973 is divided by 19?
16
Calculate the remainder when 1798 is divided by 12.
10
What is the remainder when 3223 is divided by 43?
41
Calculate the remain